. Suppose k = i + 4*i - 10. Suppose 5*d = -j + 220 + 3, i*d - 4*j = 98. What are the prime factors of d?
3, 5
Let g be (-6)/33 - (-136)/22. Suppose -500 - 20 = -4*t. Suppose v + t = g*v. List the prime factors of v.
2, 13
Let p(l) = 10*l**2 + 11*l + 3. Let i be p(-3). Let g = -71 + 99. Let n = i - g. What are the prime factors of n?
2
Let u be ((-4)/5)/(4/(-30)). Suppose -h = -u*h + 445. List the prime factors of h/7 - (-4)/14.
13
Let n = 299 - 101. Let m = 309 - n. List the prime factors of m.
3, 37
What are the prime factors of (-3 + (1 - -26))/((-12)/(-324))?
2, 3
Suppose -5*s + 2645 - 465 = 0. List the prime factors of s.
2, 109
Let m be (537 - -1)/((-5)/(-5) - -1). Suppose 2*n - 3*k = m, -4*k = -3*n - 0*k + 402. What are the prime factors of n?
2, 5, 13
Suppose 2*b = 3*m - 5*m + 6, 4*b - 3*m = 12. Let r be (1/2)/(4/24). Suppose r + 15 = b*y. What are the prime factors of y?
2, 3
What are the prime factors of ((-7866)/570)/(-1*1/45)?
3, 23
Suppose 0 = -3*d + 5*x - 4*x - 70, 3*d = -4*x - 95. List the prime factors of (84/(-10))/(2/d).
3, 5, 7
Let y be 0/2 - (4 + -11). Suppose -5*a = -59 - 26. Let u = a - y. What are the prime factors of u?
2, 5
Let y(w) = w**2 - 15 - 5 + w + 3. Let d(f) = 2*f**2 + f - 33. Let h(i) = -4*d(i) + 9*y(i). What are the prime factors of h(-9)?
3, 5
Suppose 2*c - 2334 = -2*f, 5*c - c = -8. List the prime factors of f.
7, 167
Let n(r) = -13*r + 46. Let b be n(4). Suppose 9 = 3*p + 3*o, 4*p + p = 5*o + 15. What are the prime factors of (p + b + 14)/1?
11
Suppose -3047 + 594 = -11*f. What are the prime factors of f?
223
Let n(c) = -30*c + 83. Let h(z) = -2. Let l(k) = -2*h(k) - n(k). List the prime factors of l(6).
101
What are the prime factors of ((-196)/6)/(50/(-3975))?
7, 53
Suppose 5*k = -2*n + 2*k + 15, k - 5 = 4*n. Suppose 3 = -3*r + 12. Let c = r + n. What are the prime factors of c?
3
Suppose -291 = -3*n + 3*g, 4*n + 0*g - 364 = -2*g. What are the prime factors of n?
3, 31
What are the prime factors of 1 - 1 - 15/((-75)/760)?
2, 19
Suppose -245 = -11*v + 140. List the prime factors of v.
5, 7
Suppose -x + 5 = 3. Suppose x*g = -3*g - 90. Let o = 11 - g. What are the prime factors of o?
29
Let z = -157 + 149. Let q(k) = 2*k**2 + 7*k + 5. Let p be q(-5). Let w = p + z. List the prime factors of w.
2, 3
Let o be ((-4)/6)/(7/315). What are the prime factors of (8/6)/(o/(-1125))?
2, 5
Suppose -2*j = -0*y - 5*y + 15, 3*j = -4*y - 11. List the prime factors of 319/29 - 4/y.
7
Let x(s) = -9*s + 11. Let a be x(5). Let t = a - -56. What are the prime factors of t?
2, 11
Suppose 127150 = 41*q - 74037. List the prime factors of q.
7, 701
What are the prime factors of 5 + (-5 + -6 - -3862)?
2, 241
Suppose -k + 374 + 78 = 4*s, -3*k + 3*s = -1281. List the prime factors of k.
2, 3
Suppose i - 776 = -o, -29*o - 771 = -30*o - 2*i. List the prime factors of o.
11, 71
Suppose d + 11 = a - 3*a, 4*a = -20. What are the prime factors of (-1)/d*-4*(-9)/9?
2
Suppose -4*c - w + 405 = -6*w, c = -3*w + 114. List the prime factors of c.
3, 5, 7
Let o = -14 + 16. Let m be -10 - -7 - (-6)/o. Suppose -5*d = m, 5*r - 3*d = d + 320. What are the prime factors of r?
2
Let m(q) = 3*q**2 - 4*q - 11. Let z(n) = -n**3 - 10*n**2 + 5. Let a be z(-10). List the prime factors of m(a).
2, 11
Let l be (3 + (-70)/15)*-3. Suppose -4*n + 242 = 2*m - l*n, -2*m + 2*n + 244 = 0. What are the prime factors of m?
2, 3, 5
Let w(v) = -4*v - 3. Let p be w(-2). Suppose p*l = -2*q + 334, 4*l - l - 216 = 4*q. List the prime factors of l.
2, 17
Let k be (-96)/18*(-6)/4. Suppose 3*z - k*z = -600. Suppose -2*b = 2*b - z. What are the prime factors of b?
2, 3, 5
Suppose -4*x - 8 - 8 = 0. Let o(i) = 7*i**3 - i**2 - i - 8. Let f(h) = -6*h**3 + 2*h + 8. Let q(y) = 5*f(y) + 4*o(y). List the prime factors of q(x).
2, 3
Let q be 17/3 - (-2)/6. Let z be (3 + -6)*(-8)/q. Suppose 0 = z*f - 15 - 17. What are the prime factors of f?
2
Let y(s) = -3*s**3 - 7*s**2 + s**3 + s - 4*s - 3*s + 5. Let r be y(-5). Suppose 0 = -4*a - 38 + r. What are the prime factors of a?
2, 3
Let m be ((-50)/(-8))/(-5)*-60. Suppose j = m + 45. Suppose 2*p + 3*u - 92 = 8*u, -3*p + 3*u = -j. What are the prime factors of p?
2, 3
Let c(o) = -o - 7. Let r be c(-9). Suppose 2*j - j - r = 0. Let y = 23 - j. List the prime factors of y.
3, 7
Let l(q) = 67*q + 222. What are the prime factors of l(19)?
5, 13, 23
Suppose 0 = f + 3*c + 1, -4*f - 18 = -2*c - 0*c. Let s be f/(-2) - (-19 - 0). Suppose -4*h + 113 = s. List the prime factors of h.
23
Let v(d) = -d + 11. Let i be v(11). Suppose 0 = -2*w - 4, i*a - a + 68 = 2*w. List the prime factors of a.
2, 3
Let i(z) = z**3 + 2*z**2 + 3*z + 41. What are the prime factors of i(12)?
7, 13, 23
Let j be ((-246)/(-287))/((1 + 1)/(-14)). What are the prime factors of 3494/14 - j/14?
2, 5
What are the prime factors of (6068/6)/(12*4/216)?
3, 37, 41
Suppose 0 = c + 4, -j + 6 = 4*j + c. Suppose 0 = -j*g + 2*w + 66 + 20, w + 157 = 4*g. Let v = g + -15. List the prime factors of v.
23
Suppose 0*l - 2*l = -5*a + 19, -3*l - 12 = -2*a. Suppose a*y = -0*y. Suppose y = -j + 2, -2*j = -2*s - 4 + 30. List the prime factors of s.
3, 5
Suppose -2*c + 5*m + 231 = 0, 0 = -0*c + 3*c + 5*m - 384. Let d = c + -48. List the prime factors of d.
3, 5
Let o = -880 + 1996. List the prime factors of o.
2, 3, 31
Let j = 347 + -83. Suppose 0 = 4*f + a - j, 3*f - 3*a = -2*a + 198. What are the prime factors of f?
2, 3, 11
Let r(n) = n**3 + 13*n**2 - 35*n - 12. Let a be r(-15). Suppose -z + 77 = -a. What are the prime factors of z?
2, 5, 7
Let z = -33 - -30. List the prime factors of (36/21)/(z/(-21)).
2, 3
Let o(f) = 20*f - 101. What are the prime factors of o(17)?
239
Let z(p) = 5*p**2 + 13*p + 31. Let r be z(-12). Let d = -346 + r. List the prime factors of d.
3, 83
Let w be 158/(-14) - (-6)/21. Let l = 107 + w. What are the prime factors of l?
2, 3
Let v(z) be the second derivative of z**5/4 - z**3/2 + z**2 + 10*z. Let o be v(-2). Let s = 51 + o. What are the prime factors of s?
19
Suppose 2707 + 1685 = 9*r. What are the prime factors of r?
2, 61
Let z(a) = 10*a**2 + a + 1. Let w be z(-3). Let f = -50 + w. List the prime factors of f.
2, 19
List the prime factors of (74/8)/((-1)/(-36)).
3, 37
Let m = -51 - -62. List the prime factors of ((-1)/2)/(m/(-3300)).
2, 3, 5
Suppose 3310 = -37*w + 47*w. List the prime factors of w.
331
Let x(q) = q**2 + 6*q + 4. Let k be x(-6). Let o(m) = m**2 - 6*m**2 + m**3 + 3 - 274*m + m**2 + 276*m. List the prime factors of o(k).
11
Suppose -22*p + 25664 = -6*p. List the prime factors of p.
2, 401
Let d(w) = -w**3 - 5*w**2 - 5*w + 1. Let p be d(-4). Let j(h) = -9*h + 7. Let y be j(0). Let s = y + p. What are the prime factors of s?
2, 3
Let o(s) = -s - 6 - 3 - s + 0*s. Suppose 5*q + 13 + 25 = -p, -p = -4*q - 25. What are the prime factors of o(q)?
5
Suppose 161512 = 40*a + 12*a. What are the prime factors of a?
2, 1553
Let b = -5 + -3. Let k = 16 + b. Suppose u - 41 = -3*n - 3*u, 4*u - k = 0. What are the prime factors of n?
11
Suppose 11689 = 8*w - 13535. What are the prime factors of w?
3, 1051
Suppose -6548 = -5*n - 3*v, -6*n = -10*n + 4*v + 5264. List the prime factors of n.
2, 41
Let l = -12 + 16. Let c be -20 - -3 - (l - 3). What are the prime factors of (-170)/15*c/4?
3, 17
Let n = -173 + 93. Let x = -2 - n. What are the prime factors of x?
2, 3, 13
Suppose -4*k = -762 + 110. Let x = k + -35. List the prime factors of x.
2
Suppose -1026 = -z + 2*a, 4*z - 5327 = -5*a - 1158. What are the prime factors of z?
2, 7, 37
Let s(z) = -5*z**2 + 12*z - 19. Let w be s(-8). List the prime factors of (w/(-6))/(1/2).
5, 29
Let g = 26 + -24. Suppose g*u = -u + 9. List the prime factors of u*(560/(-6))/(-4).
2, 5, 7
Let d be -5*1*(-6 - -5). Suppose -2*l + d*f = 0, 2*f + 10 = 3*l - 1. Suppose l*h + 42 = 2*i - 4, h + 4 = 0. List the prime factors of i.
13
Let s be 5 + (2/(-9) - (-14)/(-18)). Suppose 5*y = 4*w - 223, w - s*y - 64 = -0*w. What are the prime factors of w?
2, 13
Suppose -1288 = -c + 3*z + 1257, 4*c = -3*z + 10150. List the prime factors of c.
2539
List the prime factors of (1466/3)/(((-8)/3)/(-4)).
733
Suppose 5*r + 2 = 12. Suppose 2*q - y = -79, 2*y = r*q - 3*y + 75. What are the prime factors of ((-6)/5)/(3/q)?
2
Suppose 0 = 5*g - 2*g - 15. Suppose q = g + 8. W